e 14
105
236 (base 8) to base 5
1113
What is -8606 (base 10) in base 16?
-219e
What is 466 (base 7) in base 14?
136
21540 (base 8) to base 4
2031200
What is -121122 (base 5) in base 11?
-3455
101000001001 (base 2) to base 9
3464
What is -80b7 (base 15) in base 7?
-142135
What is 34332 (base 7) in base 6?
104253
Convert -137121 (base 8) to base 16.
-be51
-1774 (base 9) to base 3
-1212111
Convert -1440 (base 8) to base 7.
-2222
6578 (base 15) to base 6
243252
What is -1314 (base 15) in base 3?
-12120201
-7327 (base 14) to base 7
-111550
Convert -de4e (base 16) to base 11.
-39837
-566 (base 7) to base 16
-125
What is 132662 (base 7) in base 5?
1300114
Convert -14443 (base 5) to base 10.
-1248
What is -1340141 (base 5) in base 6?
-331310
What is -9a (base 16) in base 5?
-1104
107731 (base 8) to base 11
25738
Convert -3410 (base 5) to base 3.
-122210
What is -4bc3 (base 13) in base 10?
-10806
102 (base 15) to base 9
272
What is -10202 (base 15) in base 2?
-1100011110000101
What is 20645 (base 7) in base 11?
3943
Convert 244340 (base 5) to base 14.
3597
What is -22001122 (base 3) in base 9?
-8048
Convert 5840 (base 12) to base 7.
40455
What is 1284 (base 14) in base 13?
1632
Convert 2100010012 (base 3) to base 6.
553005
What is 100111111011 (base 2) in base 13?
1217
What is -3232103 (base 4) in base 14?
-57b5
What is -120414 (base 5) in base 12?
-2718
What is -17362 (base 9) in base 6?
-131215
Convert 202210201 (base 3) to base 12.
893a
Convert -4400 (base 5) to base 9.
-736
-1013310 (base 4) to base 16
-11f4
11a8 (base 11) to base 5
22240
What is -3632 (base 7) in base 8?
-2502
What is 212741 (base 8) in base 11?
494a0
Convert -21403 (base 5) to base 9.
-2022
Convert -212 (base 16) to base 7.
-1355
-653 (base 12) to base 3
-1021100
What is 100332 (base 4) in base 14?
578
What is 11110000 (base 2) in base 9?
286
16774 (base 11) to base 12
1176b
11a0 (base 14) to base 3
11020002
What is 10111001110 (base 2) in base 9?
2031
-17128 (base 14) to base 12
-29594
Convert 11100011111101 (base 2) to base 5.
431324
What is 73 (base 12) in base 14?
63
-1845 (base 11) to base 9
-3188
What is 4052 (base 8) in base 3?
2212102
7b9 (base 15) to base 11
1350
What is 1322132 (base 4) in base 13?
374c
Convert -b183 (base 15) to base 10.
-37473
Convert 201112 (base 3) to base 8.
1017
44728 (base 10) to base 6
543024
What is 4221 (base 5) in base 7?
1431
Convert -2403 (base 9) to base 5.
-24120
700 (base 11) to base 14
447
Convert -21122202 (base 3) to base 15.
-19c2
Convert 3551 (base 6) to base 2.
1101011011
Convert 1914 (base 15) to base 12.
3177
Convert 16041 (base 7) to base 5.
120423
100120120 (base 3) to base 5
210411
Convert -34748 (base 10) to base 6.
-424512
What is -24500 (base 11) in base 16?
-898b
What is -a7 (base 16) in base 8?
-247
What is 3690 (base 10) in base 6?
25030
Convert -11000101 (base 2) to base 3.
-21022
Convert 9a2 (base 16) to base 13.
1179
What is 52334 (base 6) in base 8?
15602
What is 132120 (base 4) in base 6?
13000
What is -223303 (base 5) in base 16?
-1f11
-12012330 (base 4) to base 9
-37280
Convert -1000111111000100 (base 2) to base 15.
-ad89
Convert 10100001110010 (base 2) to base 5.
312404
What is -29 (base 10) in base 7?
-41
4050 (base 7) to base 9
1833
Convert -112222012 (base 3) to base 6.
-122305
What is -780 (base 12) in base 10?
-1104
181a (base 12) to base 11
21a9
1062 (base 7) to base 4
12003
Convert -e69 (base 15) to base 10.
-3249
-1103 (base 5) to base 15
-a3
What is 5380 (base 9) in base 15?
1290
Convert 132055 (base 6) to base 7.
50240
What is -532 (base 9) in base 5?
-3214
What is -1222212 (base 3) in base 8?
-2656
Convert -27a (base 15) to base 11.
-474
What is -17602 (base 11) in base 15?
-74ab
-a38 (base 13) to base 9
-2340
What is -1224 (base 7) in base 15?
-209
What is 1110011111 (base 2) in base 3?
1021100
What is -3b (base 14) in base 8?
-65
-100111111111010 (base 2) to base 10
-20474
Convert -186e (base 15) to base 13.
-2531
What is -187 (base 10) in base 11?
-160
Convert 21111 (base 3) to base 10.
202
1b14 (base 12) to base 13
1690
32623 (base 7) to base 12
48b4
15a (base 11) to base 16
ba
What is 2611 (base 12) in base 10?
4333
-703 (base 12) to base 3
-1101110
What is -421 (base 12) in base 10?
-601
1222212 (base 3) to base 11
1102
What is -15ed (base 15) in base 12?
-2897
Convert -132e0 (base 15) to base 3.
-10010020110
What is 20221 (base 4) in base 7?
1420
10002212 (base 3) to base 16
8d8
Convert -1795 (base 14) to base 3.
-12211022
-f5a (base 16) to base 13
-1a34
What is -132b (base 14) in base 6?
-23335
Convert 62a1 (base 16) to base 3.
1021122011
Convert -100100010001 (base 2) to base 15.
-a4b
Convert -752 (base 11) to base 6.
-4104
Convert -14203 (base 8) to base 10.
-6275
15316 (base 9) to base 16
28e0
What is -434 (base 6) in base 7?
-325
-14e1 (base 15) to base 2
-1000110000110
-143b (base 12) to base 3
-10020002
Convert -2b8 (base 12) to base 4.
-12230
6a5c (base 14) to base 2
100100001001010
Convert -14513 (base 13) to base 3.
-1221102012
What is -222211 (base 3) in base 7?
-2053
What is -10101100100 (base 2) in base 10?
-1380
Convert -485 (base 12) to base 9.
-832
Convert 21d (base 15) to base 4.
13132
Convert -11201100 (base 3) to base 10.
-3438
Convert 45a (base 14) to base 16.
360
Convert -100100111011000 (base 2) to base 3.
-221221011
Convert 615 (base 13) to base 14.
53a
Convert -112032 (base 4) to base 14.
-738
What is 253 (base 16) in base 8?
1123
What is 3341 (base 5) in base 8?
727
Convert -4945 (base 14) to base 11.
-9688
What is 552 (base 10) in base 3?
202110
14449 (base 11) to base 15
611c
Convert -11010211 (base 3) to base 10.
-3019
What is -23022 (base 5) in base 8?
-3145
Convert -22542 (base 10) to base 9.
-33826
-4123 (base 13) to base 14
-33bc
What is -1020122 (base 3) in base 12?
-638
2505 (base 6) to base 11
511
What is 487 (base 10) in base 16?
1e7
What is 50 (base 10) in base 7?
101
7 (base 12) to base 14
7
Convert 1100110011 (base 2) to base 4.
30303
-1001143 (base 5) to base 3
-210200010
-6ac0 (base 13) to base 8
-35264
What is -724 (base 13) in base 11?
-a03
What is -214122 (base 6) in base 4?
-10111202
What is -141 (base 15) in base 11?
-240
Convert -1184 (base 12) to base 16.
-7b4
What is -602 (base 12) in base 3?
-1012002
Convert -4d (base 15) to base 3.
-2201
What is 111a1 (base 13) in base 4?
13211102
-101001011000101 (base 2) to base 16
-52c5
Convert 15e2 (base 15) to base 6.
33452
Convert 93 (base 14) to base 9.
153
Convert 663 (base 15) to base 12.
a03
-720 (base 10) to base 3
-222200
What is -4305 (base 6) in base 12?
-695
What is 40500 (base 8) in base 4?
10011000
289 (base 15) to base 7
1455
What is 114135 (base 6) in base 15?
2e65
What is -33001 (base 4) in base 13?
-58c
What is -14665 (base 16) in base 12?
-40431
Convert 314545 (base 6) to base 5.
1310242
What is -3433121 (base 5) in base 10?
-61661
What is 121002211 (base 3) in base 13?
5461
Convert 1e5 (base 16) to base 2.
111100101
Convert -8b09 (base 12) to base 13.
-702c
What is 19 (base 14) in base 12?
1b
What is -105 (base 10) in base 15?
-70
Convert 31d (base 15) to base 7.
2023
Convert 1d76 (base 16) to base 2.
1110101110110
-4415 (base 16) to base 15
-526e
-7419 (base 12) to base 15
-3b63
-2068 (base 16) to base 10
-8296
Convert -10222 (base 10) to base 13.
-4864
Convert -5881 (base 13) to base 12.
-724a
Convert -237a (base 12) to base 2.
-111110001110
What is 2001 (base 6) in base 7?
1156
What is -1b762 (base 13) in base 15?
-10ee6
Convert 45a (base 11) to base 12.
399
-6701 (base 12) to base 14
-4209
Convert -130231 (base 5) to base 14.
-1bbc
Convert 2295 (base 16) to base 14.
3325
-221000 (base 3) to base 4
-22203
What is 14e7 (base 16) in base 9?
7305
-435a (base 11) to base 16
-1678
What is 552 (base 7) in base 6?
1150
What is 1bc0 (base 13) in base 5?
113322
Convert -12211 (base 4) to base 15.
-1d1
What is 30a (base 16) in base 12?
54a
-5145 (base 6) to base 10
-1145
-6553 (base 7) to base 10
-2341
Convert 101121000 (base 3) to base 16.
1e2a
Convert 9fd (base 16) to base 11.
1a15
What is -31426 (base 7) in base 6?
-55534
Convert -10000101100000 (base 2) to base 5.
-233134
-31013313 (base 4) to base 13
-1b609
What is -124012 (base 5) in base 3?
-20200211
1532 (base 6) to base 4
12200
What